{"id":80212,"date":"2026-04-30T03:00:49","date_gmt":"2026-04-30T01:00:49","guid":{"rendered":"https:\/\/finquesmartell.com\/immoble\/provenca-barcelona-alquiler-2486\/"},"modified":"2026-04-30T03:00:49","modified_gmt":"2026-04-30T01:00:49","slug":"provenca-barcelona-alquiler-2486","status":"publish","type":"immoble","link":"https:\/\/finquesmartell.com\/ca\/immoble\/provenca-barcelona-alquiler-2486\/","title":{"rendered":"PROVEN\u00c7A BARCELONA-Alquiler-2486"},"content":{"rendered":"<p>Pla\u00e7a PK per a cotxe petit-mitj\u00e0, de 4,06 m x 2,35 m, 2\u00aa planta soterrani, f\u00e0cil acc\u00e9s.<\/p>\n","protected":false},"featured_media":80103,"menu_order":0,"template":"","class_list":["post-80212","immoble","type-immoble","status-publish","has-post-thumbnail","hentry","no-featured-image-padding"],"acf":[],"_links":{"self":[{"href":"https:\/\/finquesmartell.com\/ca\/wp-json\/wp\/v2\/immoble\/80212","targetHints":{"allow":["GET"]}}],"collection":[{"href":"https:\/\/finquesmartell.com\/ca\/wp-json\/wp\/v2\/immoble"}],"about":[{"href":"https:\/\/finquesmartell.com\/ca\/wp-json\/wp\/v2\/types\/immoble"}],"wp:featuredmedia":[{"embeddable":true,"href":"https:\/\/finquesmartell.com\/ca\/wp-json\/wp\/v2\/media\/80103"}],"wp:attachment":[{"href":"https:\/\/finquesmartell.com\/ca\/wp-json\/wp\/v2\/media?parent=80212"}],"curies":[{"name":"wp","href":"https:\/\/api.w.org\/{rel}","templated":true}]}}

PROVENÇA BARCELONA-Alquiler-2486

<p>Plaça PK per a cotxe petit-mitjà, de 4,06 m x 2,35 m, 2ª planta soterrani, fàcil accés.</p>
