{"id":82438,"date":"2026-05-01T03:00:52","date_gmt":"2026-05-01T01:00:52","guid":{"rendered":"https:\/\/finquesmartell.com\/immoble\/entenca-barcelona-alquiler-2516\/"},"modified":"2026-05-01T03:00:52","modified_gmt":"2026-05-01T01:00:52","slug":"entenca-barcelona-alquiler-2516","status":"publish","type":"immoble","link":"https:\/\/finquesmartell.com\/ca\/immoble\/entenca-barcelona-alquiler-2516\/","title":{"rendered":"ENTEN\u00c7A BARCELONA-Alquiler-2516"},"content":{"rendered":"<p>PERRUQUERIA en trasp\u00e0s, entres\u00f3l de 56 m2 distribu\u00efts en sala principal de 30 m2, recepci\u00f3, sala de depilaci\u00f3, magatzem i pat\u00ed interior. En funcionament, totalment equipada per continuar amb l&#8217;actual activitat. TRASP\u00c0S DE 6.000\u20ac<\/p>\n","protected":false},"featured_media":82414,"menu_order":0,"template":"","class_list":["post-82438","immoble","type-immoble","status-publish","has-post-thumbnail","hentry","no-featured-image-padding"],"acf":[],"_links":{"self":[{"href":"https:\/\/finquesmartell.com\/ca\/wp-json\/wp\/v2\/immoble\/82438","targetHints":{"allow":["GET"]}}],"collection":[{"href":"https:\/\/finquesmartell.com\/ca\/wp-json\/wp\/v2\/immoble"}],"about":[{"href":"https:\/\/finquesmartell.com\/ca\/wp-json\/wp\/v2\/types\/immoble"}],"wp:featuredmedia":[{"embeddable":true,"href":"https:\/\/finquesmartell.com\/ca\/wp-json\/wp\/v2\/media\/82414"}],"wp:attachment":[{"href":"https:\/\/finquesmartell.com\/ca\/wp-json\/wp\/v2\/media?parent=82438"}],"curies":[{"name":"wp","href":"https:\/\/api.w.org\/{rel}","templated":true}]}}

ENTENÇA BARCELONA-Alquiler-2516

<p>PERRUQUERIA en traspàs, entresól de 56 m2 distribuïts en sala principal de 30 m2, recepció, sala de depilació, magatzem i patí interior. En funcionament, totalment equipada per continuar amb l&#8217;actual activitat. TRASPÀS DE 6.000€</p>
